 to base 6
-15203004
What is -10321022 (base 5) in base 9?
-144833
What is 212101022010 (base 3) in base 2?
1110000010110111010
What is 200221201210 (base 3) in base 2?
1011011000100111101
Convert -1055356 (base 7) to base 4.
-200013211
Convert 984cc (base 13) to base 5.
32303334
-212433110 (base 5) to base 13
-259157
21003133021 (base 4) to base 2
1001000011011111001001
305c9 (base 14) to base 7
663242
Convert -787160 (base 11) to base 7.
-13441642
What is -3bcb0 (base 15) in base 9?
-322163
What is -282741 (base 13) in base 2?
-11101110011101000000
1536023 (base 7) to base 2
110011100000010010
What is 3e022 (base 16) in base 15?
503c6
Convert 245205 (base 10) to base 15.
4c9c0
-201012022101 (base 3) to base 6
-12033144
-640790 (base 12) to base 8
-6010134
2306426 (base 7) to base 4
1012103321
Convert 1011002210220020 (base 3) to base 12.
5651b80
4122204 (base 6) to base 15
3d7ba
Convert -30eccb (base 15) to base 6.
-121523002
3157a7 (base 14) to base 11
a395a0
Convert 105de (base 15) to base 14.
14d15
1101110110101001111010 (base 2) to base 3
20211111210211
Convert 614284 (base 9) to base 15.
72cc4
ba792a (base 15) to base 16
879349
What is 100002121110 (base 3) in base 4?
223231221
-104882b (base 13) to base 2
-10010111010111100010010
-39341 (base 16) to base 7
-1664051
Convert 43280 (base 12) to base 9.
144366
What is -102950 (base 10) in base 8?
-311046
Convert 644a66 (base 11) to base 15.
155951
167466 (base 10) to base 2
101000111000101010
What is 222131331 (base 4) in base 10?
173949
9ef0 (base 16) to base 3
2001210222
-6304282 (base 9) to base 2
-1100110110011111110001
2321002014 (base 5) to base 16
501cd3
-12305310 (base 7) to base 14
-20cd07
What is 730267 (base 9) in base 11?
276563
Convert -10322003114 (base 5) to base 14.
-1698641
What is -322422422 (base 6) in base 10?
-5726318
249139 (base 10) to base 11
160200
6a52900 (base 11) to base 13
2723288
41ba5 (base 13) to base 12
58657
What is -13321103 (base 6) in base 11?
-285167
-134764 (base 10) to base 5
-13303024
What is 76845 (base 14) in base 11?
1866a4
1222211120 (base 3) to base 10
39246
112103000 (base 4) to base 7
530156
Convert -73513 (base 12) to base 8.
-447037
Convert -1210112000110 (base 3) to base 4.
-3221021322
What is 442ca (base 14) in base 6?
3312510
Convert 1677180 (base 13) to base 15.
9891b6
2121311322 (base 4) to base 11
3a0483
What is -59a9b3 (base 12) in base 4?
-11201320113
9aa90 (base 14) to base 4
1123213212
What is 111200b (base 12) in base 10?
3259019
What is -4af58 (base 16) in base 12?
-129820
-212320043 (base 5) to base 8
-3340231
Convert ed837 (base 15) to base 3.
1102022221121
a5310e (base 16) to base 9
22330426
575121 (base 10) to base 12
2389a9
What is -21313021330 (base 4) in base 3?
-11212100020121
-98d3 (base 16) to base 8
-114323
-7046 (base 10) to base 6
-52342
Convert 50332151 (base 8) to base 9.
21842008
Convert -2211212111 (base 3) to base 9.
-84774
Convert 1977005 (base 12) to base 9.
11113635
What is -15343233 (base 6) in base 12?
-221b19
What is 15982a6 (base 11) in base 3?
12010011120121
What is 10022012220222 (base 3) in base 12?
708322
Convert 116948 (base 13) to base 2.
1100101001110011001
What is -3024002210 (base 5) in base 8?
-27137736
Convert -930ad (base 14) to base 13.
-c5259
Convert -4255334 (base 6) to base 5.
-23203431
-301323011032 (base 4) to base 9
-26556051
Convert -509a81 (base 13) to base 12.
-7669a9
-101011101000000001110 (base 2) to base 9
-2617833
What is 50bd48 (base 16) in base 7?
62655431
5ab94 (base 12) to base 14
329b2
1a375 (base 14) to base 16
103f3
901a2a (base 14) to base 12
1757ab2
What is -4481242 (base 11) in base 14?
-10846cb
144792 (base 10) to base 4
203112120
Convert 4324403 (base 8) to base 12.
479943
Convert -27115 (base 9) to base 3.
-221010112
What is 576531 (base 8) in base 4?
233311121
What is 183047 (base 10) in base 8?
545407
What is -425120 (base 7) in base 3?
-10202020122
What is -1100001111110110111110 (base 2) in base 9?
-6033208
What is 5320120 (base 7) in base 2?
10011101000111001011
What is -88a780 (base 13) in base 2?
-1100010010101001001001
6a775a (base 15) to base 9
10514114
56007b (base 12) to base 8
5161137
What is -96364 (base 13) in base 3?
-111202111101
Convert -312231 (base 10) to base 8.
-1141647
-20424025 (base 6) to base 10
-594449
What is -67164 (base 14) in base 11?
-160902
What is 1010111111100110101 (base 2) in base 3?
200022011102
What is -7a67a (base 13) in base 3?
-102022220201
Convert -9413 (base 14) to base 8.
-61631
What is -12002302 (base 4) in base 10?
-24754
What is -42a9795 (base 12) in base 15?
-11a2ba8
353f40 (base 16) to base 15
48de50
212010102 (base 4) to base 15
312ec
-45441253 (base 8) to base 16
-9642ab
What is 142301113 (base 5) in base 8?
2654744
What is -10002110001222 (base 3) in base 13?
-4567b5
Convert -3322616 (base 8) to base 12.
-371692
Convert 541664 (base 8) to base 7.
1353125
What is -2212100120211 (base 3) in base 10?
-1522579
9974245 (base 10) to base 12
3410171
Convert -754337 (base 8) to base 6.
-5223131
10100000110001101010 (base 2) to base 11
40a851
340552 (base 6) to base 9
43355
What is 1651515 (base 7) in base 2?
111000011010111000
-31041510 (base 6) to base 5
-212021200
1588459 (base 10) to base 15
2159c4
10101001010011100 (base 2) to base 9
141815
What is -2034402 (base 5) in base 11?
-23381
What is -437883 (base 9) in base 15?
-52820
-14514155 (base 6) to base 8
-1737427
What is 1a77b3 (base 15) in base 14?
25869b
-1201000022110 (base 3) to base 12
-378126
-670213 (base 9) to base 7
-3255222
Convert -2123544 (base 7) to base 2.
-111111000010100101
93cc9 (base 13) to base 8
1007151
132c71 (base 13) to base 7
3640166
-23b497 (base 13) to base 8
-3202364
-44320124 (base 5) to base 12
-167228
-43277 (base 13) to base 6
-2333235
What is 1200122012 (base 3) in base 9?
50565
Convert -4333202231 (base 5) to base 14.
-1335115
What is 929515 (base 15) in base 10?
6967145
What is 32445 (base 6) in base 7?
16046
Convert -176326 (base 8) to base 16.
-fcd6
What is -a7dfd (base 16) in base 7?
-5562463
462355 (base 7) to base 16
1424b
32020213 (base 7) to base 4
22111310311
Convert -3bc206 (base 14) to base 16.
-1f937e
What is 3a39b3 (base 13) in base 5?
330021442
Convert a62058 (base 13) to base 14.
73328b
61dd (base 16) to base 11
17906
Convert -9da5 (base 15) to base 11.
-23154
-310ba (base 13) to base 9
-143674
What is -1021532 (base 9) in base 2?
-10000101001110111110
10305301 (base 6) to base 7
2405422
What is 2223431320 (base 5) in base 8?
22554372
-23122123012 (base 4) to base 15
-3e16e4
10004360 (base 10) to base 3
200211021101212
1032451 (base 6) to base 2
1100011111001111
What is -460640 (base 8) in base 11?
-a7287
Convert -193aa0 (base 11) to base 15.
-5d508
-10004634 (base 7) to base 3
-1112221000020
What is 121720 (base 11) in base 16?
2f015
-154c97 (base 13) to base 8
-2001356
Convert -6601145 (base 9) to base 12.
-122a97b
Convert 2272012 (base 8) to base 12.
25a636
What is -20324c (base 13) in base 15?
-ec16e
-7444714 (base 8) to base 13
-546652
-210467 (base 8) to base 13
-25ab3
Convert 590c5 (base 13) to base 7.
1245313
What is 111022212211 (base 3) in base 10?
262354
What is 254086 (base 11) in base 2?
1100001110101010101
What is -34451 (base 16) in base 14?
-58049
What is -ad63aa (base 14) in base 6?
-330202550
Convert -4161223 (base 8) to base 11.
-696431
-9d1192 (base 16) to base 11
-58a0854
-101000100111110 (base 2) to base 10
-20798
2874432 (base 9) to base 10
1584470
What is 37366b (base 13) in base 4?
11002220130
What is -270c19 (base 15) in base 16?
-1c9f89
200010020012021 (base 3) to base 7
144564232
30559a (base 11) to base 4
1313300122
-112011110102 (base 3) to base 9
-464412
-20220202201120 (base 3) to base 2
-1110000001011111110010
Convert 22221201022 (base 3) to base 15.
37325
Convert 691209 (base 11) to base 7.
12226666
Convert 23c530 (base 13) to base 10.
855517
Convert 82b69 (base 12) to base 8.
516001
Convert 465032 (base 7) to base 12.
402b8
What is 3723816 (base 9) in base 8?
7560326
-36265003 (base 7) to base 8
-14235225
-471c5 (base 13) to base 16
-1fba1
What is -356128 (base 16) in base 4?
-31112010220
-1135185 (base 14) to base 5
-4044243031
Convert -1605119 (base 11) to base 5.
-1200312123
-b